greatest common factor of 198 and j?
18
Suppose -71*r + 57060 = 7*r - 3780. What is the greatest common divisor of r and 5?
5
Suppose -10363 = -15*u - 8923. What is the greatest common divisor of 816 and u?
48
Suppose 4*g + 17 = -d, 2*d = -d - 3*g - 24. Let s be (4/d - -2)/((-22)/(-1265)). Calculate the greatest common factor of s and 23.
23
Let f = -9 - -10. Suppose -4*g - 78 = -g. Let h be (-8)/(-12) + g/(-6). Calculate the highest common factor of f and h.
1
Let p = -28 - -5. Let s = p + 29. Suppose -v = -0*v - 18. What is the greatest common divisor of s and v?
6
Let p(q) = q**2 - 9*q - 12. Let z be p(13). Suppose 4*s - 645 + 405 = 0. Calculate the highest common divisor of z and s.
20
Suppose 4*x + 597 = 3*q, 20*q - 175 = 19*q + 4*x. Calculate the highest common divisor of 30806 and q.
211
Suppose 0*q + q = 34. Let o(z) = 10 + q - 2*z - 7. Let r be o(12). Calculate the greatest common factor of 91 and r.
13
Suppose 4*t + 2*s = 5 + 9, -3 = -3*s. Suppose t*m + v - 1008 = -63, -2*m = 5*v - 630. Calculate the highest common divisor of 63 and m.
63
Let y be (-72)/7*9/(54/(-147)). What is the highest common divisor of y and 119?
7
Let p be 7/((-28)/(-816)) - 4. Let d be (1 - 5)/(2/(-16)). Let a = -7 + d. What is the highest common factor of a and p?
25
Let h = -298 + 248. Let b = h - -91. Calculate the greatest common factor of b and 287.
41
Let m = -3080 + 7955. Calculate the highest common factor of 250 and m.
125
Let d = -41 - -45. Suppose d*a - 5*p = 105, 3*a - 7*a + 126 = 2*p. Suppose -7*c + 50 = -2*c. What is the highest common factor of a and c?
10
Suppose -8*w + 4*w = -1000. Suppose -65*i = -367 - 77 - 206. What is the greatest common divisor of i and w?
10
Let s(g) = -g**2 + 20*g - 2. Let z be s(14). Suppose 98 - z = 4*r. Let x be 11/((-44)/(-3)) + 41/r. Calculate the highest common divisor of 33 and x.
11
Suppose 2*g - g - v - 552 = 0, v = 5*g - 2764. Suppose 249 - g = -4*m. What is the highest common factor of m and 171?
19
Let g = -88 + 781. Let m be 2/((-14)/g*-3). Suppose 0 = 3*h - 1 - 8. What is the greatest common factor of m and h?
3
Let v be 1*(2760/42 + (-6)/(-21)). What is the greatest common divisor of v and 426?
6
Let u be -737 + 4/(-8)*-16. Let z = 820 + u. What is the greatest common divisor of z and 7?
7
Suppose -53*o - 98 = -55*o. Let l = -45 + o. Suppose -5*p = -4*y + 977, y = -l*y + 3*p + 1205. What is the highest common factor of y and 34?
34
Let j(v) = 11*v**2 - 39*v - 39. Let g be j(6). Let d = 403 - 239. What is the highest common factor of g and d?
41
Suppose 0 = 4*i + 17*w - 21*w - 22556, -3*w = 2*i - 11268. Calculate the highest common factor of 6 and i.
3
Let m(r) = -r**3 - 2*r**2 - 3*r + 378. Let l be m(0). Let g be (-4 + 16)*l/12. What is the greatest common divisor of g and 18?
18
Let c = 90 - -44. Let i = c + -95. Suppose 372*t - 3497 = 8709 - 2534. What is the highest common factor of t and i?
13
Suppose -2*n = 5*y - 3, 4*y - n + 2*n - 3 = 0. Let m(a) = -16*a**2 + 3*a - 2. Let j be m(y). Let r = 1 - j. Calculate the highest common factor of r and 24.
8
Let q be (6/10 - 126/(-15)) + -4. What is the greatest common factor of q and 815?
5
Let x be ((-8)/(-14))/((-22)/(-385)). Let g be (7/2)/(1/(-6)). Let j be (-9)/g + 1449/49. What is the greatest common divisor of x and j?
10
Suppose 178 + 60 = 14*b. Suppose -b*l = 8 - 110. Suppose -224 = -4*v - 0*v + 2*h, -2*h - 62 = -v. What is the greatest common divisor of l and v?
6
Suppose 4*d - 56 = -2*p, 4*d - 10 = -p + 22. Let g be p/14*(-2 + 9). What is the greatest common divisor of 114 and g?
6
Let d be (0 + 1105/15)*3. Let j(g) = g**3 + 21*g**2 - 47*g - 6. Let h be j(-23). Calculate the highest common divisor of h and d.
17
Let u(f) = -f**2 - 4*f + 677. Let c be u(24). What is the greatest common divisor of c and 53?
1
Let y(q) = 9*q + 90. Let s be y(-7). Suppose 0 = -34*z + 37*z + 2*w - 291, 5*z - 480 = -5*w. Calculate the highest common divisor of z and s.
9
Suppose 0 = 14*y + 49 + 21. Let j be 1/(y/(-150)*2). Calculate the greatest common divisor of 55 and j.
5
Suppose 146*h + 42 = 145*h. Let g be h/(-3 - 4) + 43. What is the highest common factor of g and 14?
7
Suppose 0 = -2*r - 5*x + 3267, -5*x = 399 - 434. What is the greatest common divisor of r and 32?
16
Let o(g) = -8*g + 46. Let d be o(-11). Let m = 166 - d. What is the greatest common factor of 2 and m?
2
Suppose -1352*i + 548 = -1325*i - 19. What is the greatest common factor of 7959 and i?
21
Suppose 157*m + 60*m = 150612 + 25592. What is the greatest common factor of m and 224?
28
Suppose l + 5923 = x, 13*x - 2*l + 5914 = 14*x. What is the highest common divisor of 320 and x?
160
Suppose -85*x = -77*x - 64. What is the greatest common factor of 118 and x?
2
Suppose 4*m - 3*r + 47 + 94 = 0, m - 2*r + 39 = 0. Let y be -2 - (-14)/(-3)*(0 + m). Let v = 726 - 718. Calculate the greatest common divisor of v and y.
8
Suppose -5*f + 3*r + 353 = 5*r, -2*r = -8. Suppose 3*j - 4*j = -11. Suppose j*u + 53 = 306. What is the highest common divisor of u and f?
23
Suppose 7*a - 37 - 43 = -3. Calculate the greatest common factor of a and 6809.
11
Let q(k) = 3*k**3 + 6*k**2 + k + 25. Let d be q(5). What is the highest common divisor of 222 and d?
111
Suppose -1568 = 2163*f - 2171*f. Calculate the greatest common factor of f and 112.
28
Let t = 241 - 161. Suppose t*f = 73*f + 462. Suppose 0*v + 17 = v + 4*a, 83 = 3*v + 4*a. Calculate the highest common divisor of f and v.
33
Let b(i) = -86*i + 6. Let w be b(1). Let t = w + 105. Suppose -7*r + 875 = -2*r. Calculate the greatest common factor of t and r.
25
Suppose 7*h - 9 = 2*h - 3*s, -3*h - 15 = -5*s. Suppose h = -3*x + 10 + 8. Calculate the greatest common divisor of x and 12.
6
Let b(i) = i**3 - 12*i**2 - 597*i + 4. Let q be b(-19). Calculate the highest common factor of 780 and q.
156
Let w = -388 + 423. What is the greatest common factor of 287 and w?
7
Let y(j) = -j**3 + 9*j**2 + 55*j - 326. Let d be y(11). What is the highest common divisor of d and 18611?
37
Suppose 2*c - 185 = -67. Let f be 1*(4/4 + 4). Suppose 3*n + f = c. What is the highest common divisor of n and 18?
18
Suppose 40922 = -5*u + 42302. What is the highest common divisor of u and 648?
12
Suppose -82*c + 3*v - 2974 = -84*c, -7*c + v = -10478. What is the greatest common divisor of c and 476?
68
Suppose -2*k + 54501 - 18701 = -4*p, -4*k + 71546 = p. What is the highest common divisor of 43 and k?
43
Suppose 4*a - 2*u - 2 - 70 = 0, -u = 3*a - 44. What is the highest common divisor of 40 and a?
8
Suppose 0 = 6*c + 68 - 98. Calculate the greatest common factor of 5 and c.
5
Let i(o) = 7*o + 4. Let a be i(-2). Let s(v) = v**3 + v - 1. Let p be s(2). Let r be (p/(-6))/(1/a). What is the highest common factor of r and 75?
15
Let p = 252 + -247. Let y be ((-18)/(-12))/(-1*p/(-40)). Calculate the greatest common divisor of y and 132.
12
Let m(f) = 18*f + 209. Let i be m(-6). Calculate the highest common divisor of i and 3.
1
Let c(g) = -g**2 + 3*g + 15. Let u be c(5). Suppose y - u*y = -280. Let x = 122 - y. Calculate the highest common factor of 130 and x.
26
Suppose -3*u = 23 - 68. Suppose u*c - c = 490. Calculate the greatest common divisor of c and 945.
35
Suppose -2 - 33 = -5*y. Suppose 0 = 5*f + h - 12, 5*f - 4*h + 9 - 11 = 0. What is the highest common divisor of f and y?
1
Let l = -296 + 1136. Suppose -5*f + l = -v - 0*v, -168 = -f - 3*v. Calculate the greatest common divisor of 189 and f.
21
Let k be (-5)/50*-422 - (-11)/(-55). Calculate the greatest common factor of k and 3066.
42
Let p = -24608 - -25198. What is the greatest common factor of 7552 and p?
118
Let p(q) = 64*q**2 - 2*q + 4. Let x be p(1). Calculate the highest common divisor of 120 and x.
6
Let k be 63 - (0 - 1 - -2). Let i = 630241 - 630024. Calculate the highest common factor of k and i.
31
Let d(r) = -42*r**2 + 28*r**3 - 10*r + 1 - 12*r**2 - 54*r**3 + 31*r**3. Let y be d(11). What is the highest common factor of y and 492?
12
Suppose -9*d + 9 = -6*d. Suppose -370 = -d*l + 5*v, -v + 5 = 1. Suppose -2*m + 88 = 2*y, 5*y - l - 90 = 3*m. Calculate the highest common divisor of y and 66.
22
Let y be 4/10*(-70)/(-4). Suppose y*g - 24 = 4*g. Let u = 14 - g. Calculate the highest common divisor of u and 2.
2
Suppose -106*n = 